?
3
Let o(m) = 139*m**2 + 14*m - 12. Let j(l) = 3*l**3 - 11*l**2 - 7*l + 15. Let n be j(4). What is the thousands digit of o(n)?
1
Let l(n) = n**3 - 2*n**2 - 9*n + 11. Suppose -3*z + 0 + 21 = 0. Let b be l(z). Suppose 9*q - 940 = -b. What is the tens digit of q?
8
Let x = 5615 + -1447. What is the thousands digit of x?
4
Let c(z) = 2*z**3 + 5*z**2 - 3*z. Let j be c(-3). What is the tens digit of (j - 244)*(-2)/4?
2
Let p(s) = -s**3 + 13*s**2 - 36*s + 6. Let w be p(9). Suppose -w*m + 654 = -24. What is the tens digit of m?
1
What is the units digit of (7/(-3))/(20/(-28940)) + 8/(-6)?
5
Let p(u) = -4*u**3 + u**2 - 5*u - 5. Let f(l) = l**2 - 10. Let v be f(3). Let t be p(v). What is the tens digit of (306/(-27) + t)/(2/(-24))?
7
Let n(x) = x**3 - 4*x**2 - 2*x - 25. Let j be n(5). What is the tens digit of j/15 + (-6424)/(-6)?
7
Let q be 6 - ((-8)/(-32))/((-2)/(-16)). What is the tens digit of (-7 + 1310/q)*2?
4
Suppose -3*w - 22 + 4 = 3*f, 4*w = f - 14. Let z(q) = 4*q + 24. Let p(o) = -10*o - 18. Let m(u) = 5*p(u) + 4*z(u). What is the hundreds digit of m(w)?
1
What is the tens digit of (-3)/15 - (((-1303936)/(-20))/(-4) + 0)?
9
Suppose 32*z + 4804866 = 86*z. What is the thousands digit of z?
8
What is the hundreds digit of (1400105/(-1101))/(5/(-6))?
5
Let b be (25/(-30))/(4/(-24)). Suppose -2*r = 3*f - 1522, 8*r = 3*r - b*f + 3810. What is the units digit of r?
4
Let n = 116 + -1. Suppose -n = -o + 139. What is the units digit of o?
4
Let a(o) = -187*o**3 + 6*o**2 - 22*o + 12. What is the ten thousands digit of a(-5)?
2
Suppose -y - 3*l = -669, 158*y + 3*l - 2031 = 155*y. What is the units digit of y?
1
Suppose -8*t + 0*t = 0. Suppose 6*a - 774 - 168 = t. Let g = a + -94. What is the units digit of g?
3
Suppose 2*p - 21841 = -5*j, 86*j - 21838 = 81*j - p. What is the thousands digit of j?
4
Let g = 48927 - 5407. What is the tens digit of g?
2
Let j(n) = 38*n - 9. Suppose -5*q + 16 = -9. What is the hundreds digit of j(q)?
1
Let w(u) = 3*u + 18. Let x be w(0). Suppose x = 2*o + 4. Let h = 64 + o. What is the units digit of h?
1
Let a = -339 - -339. Suppose -1783 = -5*f + 3*l, a*f + 4*l = -f + 375. What is the tens digit of f?
5
Let y(a) = -78*a + 23. Let u be y(6). Let q = u - -1039. Suppose 7*x - x = q. What is the tens digit of x?
9
Suppose -27 - 13 = 4*b. What is the tens digit of ((-1302)/(-28))/((-1)/b)?
6
Suppose 15455 = f - 3*n, -5*f + n - 3362 + 80665 = 0. What is the ten thousands digit of f?
1
Suppose 3*k + 9 = 36. Suppose -f + 40 + k = 0. Suppose -2*g - 1 = -f. What is the tens digit of g?
2
Let k(w) = w**2 + 1. Let c(n) = -2*n**2 + 8*n - 20. Let l(o) = -c(o) - 3*k(o). Let i be l(-11). What is the hundreds digit of 2/(8/314*(-8)/i)?
1
Let f = 3232 + -333. What is the units digit of f?
9
Let w = -71 + 73. Suppose -w*p = 17*p - 4864. What is the hundreds digit of p?
2
Let d(n) = -4316*n - 1003. What is the units digit of d(-5)?
7
Let o be (3 + 5 + -3)*1. Suppose -314*s + 3661 = -307*s. Suppose s + 57 = o*a. What is the tens digit of a?
1
Suppose -11*m + 21 + 23 = 0. Let q be 2/4 + (414/12 - m). Suppose 459 = -q*w + 34*w. What is the hundreds digit of w?
1
Let n(m) = m**2 + 13*m + 56. Let t be n(19). Suppose 32 - t = -8*w. What is the units digit of w?
9
Let p be (1 - 4/10) + 1242/(-270). What is the tens digit of p/(-6) - 848/(-24)?
3
What is the tens digit of ((-27)/378*21/(-2))/((-3)/(-55524))?
8
Let k = 18070 + -11067. Suppose -1382 = -13*w + k. What is the hundreds digit of w?
6
Suppose -170 = -2*i + 34. Let v(t) = -t**2 - 37*t - 130. Let z be v(-33). Suppose 0 = -d - z*w + i + 107, -w = -d + 197. What is the tens digit of d?
0
Suppose 15239 + 174265 = 56*q. What is the units digit of q?
4
Suppose -138*s + 154*s = 165664. Suppose -8*b + s = -5062. What is the tens digit of b?
2
Let d = -282 - -287. What is the hundreds digit of (-1)/d + 2576/5?
5
What is the thousands digit of (7/(-49) - 22/(-7)) + (3424 - -5)?
3
Suppose 5*i - 17 = 38. Suppose 65 = 2*b - i. What is the tens digit of (b/(-4))/(5/(-10))?
1
What is the thousands digit of (-288)/216 + (-1)/((-6)/36482)?
6
Let r = 37 + 662. Let w = r + -456. What is the tens digit of w?
4
Let w(u) = 83*u**2 - 33*u + 12. What is the hundreds digit of w(-9)?
0
Let v(y) = -y**2 - 10*y - 9. Let j be v(-9). Suppose -o = -3*g + 17, -12 = -4*o - 4*g - j. Let u(f) = -11*f**3 + 5*f + 1. What is the tens digit of u(o)?
7
Suppose 2*n - 15 = -5*l, -2*l = 3*n - 8*n - 6. Let i(w) = w**2 - 18*w + 182. What is the hundreds digit of i(n)?
1
Suppose 4*q - 3*o - 435 = -0*o, q + 3*o - 120 = 0. Let a = q + -40. What is the tens digit of a?
7
Suppose 4*b - 5*u = 11, -5*b + u + 13 = -6. What is the tens digit of (b/2)/(4/(-5280)*-5)?
2
Suppose -13*n + j = -9*n - 70676, -5*n + 88370 = 5*j. What is the ten thousands digit of n?
1
Let d(x) = -x**3 + 56*x**2 - 217*x + 114. What is the thousands digit of d(33)?
8
Let l(v) = -3*v - 2. Let t be l(2). Let b be (-2848)/(-18) - t/(-36). What is the units digit of b/4 - 3/(-2)?
1
Let m = 4462 + 314. Suppose 0 = 2*n + 6, -2525 = -4*z + 3*n + m. What is the units digit of z?
3
Let y(b) = 2*b**2 + 121*b - 9060. What is the tens digit of y(114)?
2
Let b be ((-8)/6)/(40/(-60)). Suppose 401 + 1139 = b*l. What is the hundreds digit of l?
7
Let g(t) = 9*t**2 - 39*t + 18. Let k be g(11). Suppose f = -5*f + k. What is the units digit of f?
3
Let v(p) = p**3 - 5*p**2 - 8*p - 4. Let d be v(10). Suppose -6*i + 3250 = -d. What is the hundreds digit of i?
6
Suppose -4*u + 3*v - 59 = 0, u = -3*u + v - 57. What is the tens digit of (u - -18)*(-139)/(-2)?
7
Suppose 28*b + 8 = 30*b. Let m be (-12)/(-3 + 1) + -2. What is the tens digit of (2 + b)/(m/72)?
0
Let m(q) be the second derivative of 25*q**4/12 - 13*q**3/6 - 23*q**2/2 - 18*q. What is the units digit of m(-2)?
3
What is the tens digit of (2/(-7))/(37/(-1955191))?
9
Let m be -3*(9/(135/(-80)) + 4). Suppose -3*j + 732 = 3*s, 2*j + 15 = m*s + 491. What is the hundreds digit of j?
2
Let j be 12/(-10)*(-2)/(16/1780). Let i = 136 - j. Let a = 259 + i. What is the hundreds digit of a?
1
Suppose 1153*z + 16 = 1155*z. Suppose -2601 = -z*f + 4431. What is the hundreds digit of f?
8
Let k = -1694 + 2700. What is the units digit of k?
6
Suppose -f - f = -2*m - 24, 28 = 4*f + m. Let t be 1/((f/12)/((-20)/6)). What is the units digit of 105/6*(-20)/t?
0
Let f be (105/(-6))/((-2)/20 - 0). Suppose 5*y = -3*x - 2*x + 225, 4*y + 5*x = f. What is the tens digit of y?
5
Suppose -92*y + 495103 = 103367. What is the thousands digit of y?
4
Let b(i) = -i**3 + 39*i**2 + 31*i - 167. Let w be b(39). Suppose 4*f - 4442 = -w. What is the tens digit of f?
5
Let j = -3006 - -5616. Suppose 4*t + 5*l - 2403 = 1100, -j = -3*t + 2*l. What is the tens digit of (-26)/(-39) + (t/6 - -2)?
4
Let j = -7682 + 18103. What is the ten thousands digit of j?
1
Let u = -27 + 30. Suppose -5*g + u*p - 227 = -1016, 4*p = -4*g + 612. Suppose 0 = 8*o - 772 + g. What is the tens digit of o?
7
What is the ten thousands digit of ((-5)/2)/((-150)/2650140)?
4
Let u(p) = 9*p**2 + 8*p - 17*p**2 - 8 + 9*p**2. Let h be u(-10). Suppose 0 = 19*t - 18*t - h. What is the tens digit of t?
1
What is the tens digit of 5 + ((-1070)/30)/((-1)/51)?
2
Let h = 1025 - 1506. Let l = -180 - h. What is the hundreds digit of l?
3
Let h be (2*(-2)/(-10))/(2/16810). Suppose -w - 3*g - 2692 = -5*w, 3*g + h = 5*w. What is the units digit of w?
0
Let s = -182 - -184. Suppose -c - 383 = -2*c + s*v, -5*c = -v - 1924. What is the hundreds digit of c?
3
Let g(d) = 4*d + 33. Let b be g(-7). What is the tens digit of (b - 6 - 11)/(4/(-42))?
2
Suppose 2*s - 3*u = 117169 + 20240, 5*u = -2*s + 137433. What is the hundreds digit of s?
7
Suppose -5*g + 15 = -4*s, 8*g - 6*g = -3*s + 6. Suppose 18*j - 10710 = -g*j. What is the tens digit of j?
1
Suppose 11283*d - 11272*d = 3135. What is the hundreds digit of d?
2
Let n = 6 + -13. Let h(m) = 8*m**3 + 14*m**2 - 2*m + 13. Let g(z) = 9*z**3 + 14*z**2 - 3*z + 15. Let i(d) = 6*g(d) - 7*h(d). What is the tens digit of i(n)?
2
Let t(y) = 15*y + 108. Let j be t(-7). What is the units digit of 1094 - -2 - j/(6/(-4))?
8
Suppose 13776*o - 13748*o = 452312. What is the thousands digit of o?
6
Let z(x) = -164*x - 201. Let g(s) = 165*s + 200. Let m(h) = -3*g(h) - 2*z(h). What is the uni